Calculate the greatest common factor of 7759254 and 942.
942
What is the highest common factor of 528564 and 476?
68
What is the greatest common divisor of 780 and 16260?
60
What is the greatest common factor of 48103 and 33?
11
What is the greatest common factor of 22599 and 2325?
93
Calculate the greatest common divisor of 8906 and 1464.
122
What is the greatest common divisor of 364 and 20111?
91
What is the greatest common factor of 12 and 124284?
12
Calculate the highest common factor of 3349 and 51.
17
What is the greatest common factor of 439872 and 480?
96
What is the highest common divisor of 41430 and 60?
30
Calculate the greatest common divisor of 13 and 742391.
13
Calculate the greatest common divisor of 7775 and 400.
25
What is the highest common factor of 97343 and 3421?
311
Calculate the highest common divisor of 1020 and 2220.
60
Calculate the highest common divisor of 5135 and 26780.
65
What is the greatest common factor of 8572745 and 1695?
565
Calculate the highest common factor of 500 and 686900.
100
Calculate the highest common divisor of 25573 and 717.
239
What is the highest common divisor of 127 and 123317?
127
What is the highest common divisor of 2975 and 4375?
175
What is the greatest common factor of 65532 and 1419?
129
What is the highest common divisor of 92432 and 212?
212
Calculate the greatest common divisor of 5577 and 3564.
33
Calculate the highest common factor of 2210 and 1885.
65
Calculate the highest common divisor of 20 and 4634160.
20
What is the highest common factor of 2867746 and 76?
38
Calculate the greatest common divisor of 351 and 3460977.
117
What is the highest common factor of 234909 and 2709?
387
Calculate the highest common divisor of 1797654 and 3180.
318
What is the highest common divisor of 1394 and 328246?
82
What is the highest common divisor of 30226 and 476?
238
What is the greatest common divisor of 32 and 480992?
32
Calculate the highest common factor of 27237 and 609.
21
Calculate the highest common factor of 4535 and 4965.
5
What is the greatest common divisor of 1454 and 45801?
727
Calculate the greatest common divisor of 5688 and 640216.
632
What is the greatest common divisor of 1960022 and 262?
262
Calculate the greatest common factor of 2990 and 728.
26
What is the highest common divisor of 180 and 51240?
60
Calculate the highest common factor of 1075 and 20.
5
Calculate the highest common factor of 90 and 2946366.
18
What is the greatest common factor of 270 and 70?
10
What is the greatest common factor of 55 and 417505?
55
What is the greatest common divisor of 53220 and 324?
12
What is the greatest common divisor of 18 and 3246?
6
What is the greatest common factor of 73190 and 6240?
130
Calculate the highest common divisor of 1296 and 3168.
144
What is the greatest common factor of 4046 and 28?
14
Calculate the greatest common divisor of 12565 and 24053.
359
Calculate the highest common factor of 1978130 and 35.
35
What is the greatest common divisor of 97850 and 2266?
206
Calculate the highest common divisor of 290420 and 1060.
20
What is the highest common factor of 16614 and 1491?
213
Calculate the highest common factor of 176 and 59114.
22
What is the highest common divisor of 2273922 and 9?
9
What is the highest common divisor of 51183 and 1034?
517
Calculate the highest common divisor of 4880 and 12871.
61
What is the highest common factor of 116 and 1644?
4
Calculate the highest common factor of 4 and 230164.
4
What is the highest common factor of 249864 and 9048?
696
What is the highest common divisor of 8 and 264?
8
Calculate the greatest common factor of 60 and 1754800.
20
What is the greatest common divisor of 3932 and 316?
4
Calculate the highest common factor of 114 and 1393232.
38
Calculate the highest common factor of 44 and 2326412.
44
What is the highest common divisor of 41472 and 204?
12
Calculate the greatest common factor of 56536 and 1184.
296
What is the greatest common divisor of 21511 and 343?
49
What is the greatest common divisor of 1848242 and 66?
22
Calculate the highest common factor of 8256 and 2193.
129
Calculate the highest common divisor of 21406 and 76538.
154
Calculate the greatest common factor of 15 and 18855.
15
What is the highest common factor of 6280 and 155?
5
What is the greatest common divisor of 143 and 5071?
11
Calculate the greatest common factor of 1891 and 206429.
31
Calculate the greatest common factor of 834 and 2718006.
834
Calculate the greatest common divisor of 280 and 23720.
40
What is the greatest common factor of 138198 and 30?
6
Calculate the greatest common factor of 46737 and 162.
81
What is the highest common divisor of 13 and 391339?
13
Calculate the highest common factor of 1135 and 19068.
227
What is the greatest common divisor of 1313046 and 72?
18
What is the greatest common divisor of 222 and 105598?
74
Calculate the greatest common factor of 97975 and 25.
25
Calculate the greatest common factor of 68991 and 245427.
1131
What is the greatest common factor of 12 and 762744?
12
Calculate the highest common divisor of 1596 and 312.
12
Calculate the greatest common factor of 14306 and 36938.
46
Calculate the greatest common divisor of 373726 and 268.
134
Calculate the greatest common divisor of 131758 and 226.
226
What is the greatest common factor of 7106 and 3366?
374
What is the highest common factor of 2681 and 35?
7
Calculate the greatest common factor of 570610 and 10.
10
What is the greatest common divisor of 250825 and 6477?
127
What is the greatest common factor of 38407 and 579?
193
What is the greatest common divisor of 115323 and 39?
39
Calculate the greatest common divisor of 43218 and 1008.
126
What is the greatest common factor of 4560 and 50640?
240
Calculate the greatest common divisor of 1264 and 18644.
316
Calculate the greatest common factor of 3250 and 1950650.
650
Calculate the highest common divisor of 4859 and 6407.
43
Calculate the highest common divisor of 16058 and 756.
14
What is the highest common divisor of 208 and 377?
13
What is the highest common divisor of 493 and 126208?
493
Calculate the greatest common divisor of 1666 and 8869.
49
What is the highest common divisor of 472 and 4680?
8
What is the highest common factor of 1841 and 315?
7
Calculate the greatest common divisor of 160 and 10198.
2
Calculate the greatest common factor of 3772 and 181179.
41
What is the greatest common factor of 292 and 73?
73
Calculate the greatest common divisor of 442 and 20150.
26
What is the highest common factor of 96186 and 6396?
246
What is the highest common divisor of 2079 and 1269?
27
Calculate the highest common factor of 1332 and 648.
36
Calculate the highest common divisor of 116 and 560338.
58
What is the highest common factor of 122015 and 2530?
115
Calculate the highest common divisor of 2430 and 150.
30
Calculate the greatest common factor of 466922 and 434.
62
What is the greatest common factor of 9648 and 32696?
536
What is the greatest common factor of 121 and 3223?
11
What is the highest common divisor of 39300 and 4800?
300
Calculate the highest common divisor of 217931 and 163.
163
What is the highest common divisor of 672 and 232344?
168
Calculate the highest common divisor of 3470 and 25.
5
What is the highest common factor of 6580 and 103180?
140
What is the greatest common divisor of 564 and 9732?
12
Calculate the greatest common factor of 6800 and 190655.
85
Calculate the highest common factor of 97784 and 544.
136
What is the greatest common divisor of 51327 and 243?
27
What is the greatest common divisor of 5718 and 4578?
6
Calculate the highest common factor of 1344 and 1805412.
84
What is the greatest common divisor of 4335017 and 391?
391
What is the greatest common factor of 99010 and 20?
10
Calculate the greatest common factor of 3234 and 363.
33
Calculate the greatest common divisor of 113491 and 217.
217
What is the greatest common divisor of 132636 and 252?
84
Calculate the highest common factor of 455283 and 9.
9
Calculate the highest common divisor of 593527 and 1.
1
Calculate the highest common factor of 688871 and 1.
1
Calculate the greatest common divisor of 219 and 43216.
73
Calculate the greatest common divisor of 940775 and 55.
55
What is the g